he remainder when f is divided by x.
21
Suppose -517 = -2469*j + 2458*j. Suppose 0 = 2*p - 3*v - 45, 2*v = -p + 29 + 11. Calculate the remainder when j is divided by p.
17
Suppose 7*u - 3*u + i = -1, -4*i - 4 = -3*u. Suppose 2*y + 7 - 17 = u. What is the remainder when y is divided by ((-48)/(-30))/((-68)/(-170))?
1
What is the remainder when 206 is divided by ((-33078)/(-2682))/(-1*(-1)/9)?
95
Let b(j) = 8 + 4 - 4 + 5*j + 2. Let f be b(-3). What is the remainder when 36 is divided by 5 + (f - -4) + 9?
10
What is the remainder when (-5)/(120/(-256))*2/((-2)/(-111)) is divided by 79?
78
Let z = -2727 + 3679. Calculate the remainder when z is divided by 66.
28
Let x = -8 + 26. Let p = -182 + 102. Let a = p - -85. Calculate the remainder when x is divided by a.
3
Let q(i) be the second derivative of -i**4/12 - 13*i**3/6 - 11*i**2 - 2*i - 7. What is the remainder when q(-7) is divided by 18?
2
What is the remainder when 1011 is divided by (66 + (-15)/(-5))*(-25)/(-75)?
22
Let k(b) = 6*b**3 + 3*b**2 - 3*b. Let u be (7/2 + -5)*(-4)/6. Let y be k(u). Calculate the remainder when 4/y - 2356/(-93) is divided by 6.
2
Suppose t - 586 = -3*h - 3*t, 2*t + 10 = 0. Let z(m) = -m**2 + 341*m + 5728. What is the remainder when h is divided by z(-16)?
10
Let p = -2504 - -1310. What is the remainder when ((-16)/(-6) + -3)/(2/p) is divided by 40?
39
Suppose -3*l + 2142 = 6*l. Let v = l - 219. Calculate the remainder when 50 is divided by v.
12
Let r = -415 + 728. Let v = -64 - -99. What is the remainder when r is divided by v?
33
Suppose -24*c = -26*c + 76. Suppose -c*k + 459 = -29*k. What is the remainder when 113 is divided by k?
11
Let j = 4383 + -4191. What is the remainder when 8447 is divided by j?
191
Let q = 188 + -169. Let t(o) = -3*o + 68. Calculate the remainder when (0 - -1)*(-66)/(-6) is divided by t(q).
0
Suppose 40 = f - 5*o, -3*f - 13*o + 18 = 66. Let m = 58 + -37. Suppose -f*y = m - 191. What is the remainder when 45 is divided by y?
11
Let h(v) = 2*v**2 - v + 2792. Let x be h(0). Let g be x/20 + 6/15. Suppose r - 5*d - 19 = 63, 2*r - 2*d = g. Calculate the remainder when r is divided by 23.
21
Calculate the remainder when (10 - (-728)/(-78))*(-666)/(-4) is divided by 24.
15
Let l(w) = 17*w**3 + w**2 - 61*w + 250. Calculate the remainder when l(6) is divided by 25.
17
Let k = 93 + -61. Let z be 2245/(-20)*(2 - 6). Let s = z + -291. Calculate the remainder when s is divided by k.
30
Let h(b) = -b**2 - 11*b + 141. What is the remainder when 654 is divided by h(-9)?
18
Let o = 4755 + -4187. Calculate the remainder when o is divided by 101.
63
Let a(t) = -3*t + 27. Let f be a(-8). Suppose 71*n = 74*n - f. Calculate the remainder when 52 is divided by 2 + (-4 - -1)/3 + n.
16
Let l be 38/10 - (-11 + 19)/(-40). Suppose 4*f - 71 = -3*d, f - l*d - d - 35 = 0. Calculate the remainder when f is divided by 1.
0
Suppose 0 = 9*t - 3 - 87. Suppose -t*b - 11*b = -798. Calculate the remainder when b is divided by 23.
15
Let j(h) = 3*h**2 - h - 17. Let u be j(5). Let p = -36 + u. What is the remainder when 98 is divided by p?
13
Let q = 394 + -388. Suppose p - 4*v = -0*p + 32, 3*p - 104 = 4*v. What is the remainder when 53 is divided by (p/24)/(1/q)?
8
What is the remainder when 681 is divided by (5 + 198/(-44))/((-1)/(-274))?
133
Suppose 2*f + 0*f = 176. Suppose -h = 5*z - 4*h - 220, -2*z - 2*h + f = 0. Suppose 0 = k + 3*k - z. Calculate the remainder when 52 is divided by k.
8
Let v(i) = i**2 - 8*i - 33. Let s be ((-108)/(-45))/((-2)/(-10)). What is the remainder when 103 is divided by v(s)?
13
Suppose -5*r = 3*d - 0*r - 1987, -4*d - 4*r = -2644. Let u = d - 456. Calculate the remainder when u is divided by 51.
50
Let v(c) = 5*c**2 - 2*c - 5. Let j be v(-2). Suppose -j*w + 26 = -164. What is the remainder when ((-2)/(-6))/(1/141) is divided by w?
7
Let q be (2 - 6)*(-1 + 0). Suppose 2*v - q*z = 52, 0 = -3*v - 3*z + 32 + 19. What is the remainder when v is divided by ((-792)/(-1980))/(4/480*4)?
8
Let t(p) = 56*p - 5*p**2 + 2*p**3 + 1 - 28*p - 25*p. What is the remainder when t(3) is divided by 4?
3
Let o = 15310 - 15283. What is the remainder when 17411 is divided by o?
23
Suppose 0 = 416*g - 435*g + 1330. Suppose y - 96 = 2*v, -63 = -4*v + 3*y - 259. Let p = g + v. Calculate the remainder when p is divided by 13.
11
Let h(v) = 35*v - 6. Let l be h(5). Suppose 5*q - l = 46. Let r(d) = -3*d**3 - 34*d**2 - 40*d + 9. Calculate the remainder when q is divided by r(-10).
7
Let m(v) = 182*v + 198. Let o be 125 + -2 + 0 + 1. Suppose g + g = o. What is the remainder when g is divided by m(-1)?
14
Suppose -99 = -4*i + 61. Let z be (-238)/(-112) - 2 - 1662/(-16). What is the remainder when (-1257)/(-8) + (1 - 14)/z is divided by i?
37
Suppose -4*v + 1981 = 4*g + 489, 1109 = 3*g + 5*v. Suppose 123 = -2*c - q + g, q - 511 = -4*c. What is the remainder when c is divided by 33?
29
Let n(o) = -o**2 + 5*o - 4. Let w be n(7). Let l be -4*2*63/(-24). Let g = l + w. Calculate the remainder when 14 is divided by g.
2
Let l = 12 - -223. Let t(u) = 25*u - 58. Calculate the remainder when l is divided by t(3).
14
Suppose 5 = l, -4*x - 5*l + 85 = -4*l. Suppose -19*a = -x*a. Let y(h) = -h**2 + 3*h + 10. Calculate the remainder when 68 is divided by y(a).
8
Let h(p) = -p**2 - 36*p - 20. Let f be h(-36). Let c = 33 + f. What is the remainder when 155 is divided by c?
12
Let h = -139 + 211. Suppose 10*x - 332 + h = 0. What is the remainder when 72 is divided by x?
20
Let m be -36*((-30)/8 - -3). Let p be 1044/m + (-12)/(-9). Let v = p - 39. What is the remainder when 1 is divided by v?
0
Let b = -53 - -78. Suppose -b - 11 = -9*a. Suppose 71 = 5*x - 5*g + 4*g, a*x - 68 = -2*g. What is the remainder when 39 is divided by x?
9
Let v(w) = -w**3 + 5*w**2 + 38*w + 14. Calculate the remainder when v(8) is divided by 40.
6
Let w = -684 + 690. Suppose -8*h + 362 = -w. Calculate the remainder when 182 is divided by h.
44
Let d(p) = -6*p + 13. Suppose -3*n + 4*o = -7 - 6, -2*o + 11 = n. Let y be d(n). Let b = 41 + y. What is the remainder when 21 is divided by b?
9
Let t be 0 - 9*1/(-3). Suppose o + t*k - 14 = 0, -o = -2*k - 8 - 1. What is the remainder when 95 is divided by o?
7
Let b = 149 - 132. Suppose 16*f - b*f = 2, 2*v = -4*f + 48. Calculate the remainder when 502 is divided by v.
26
Suppose 0*s + s + 9 = -w, 5*s - 5*w + 15 = 0. Let v(m) = m**2 + m + 9. Let k be v(0). What is the remainder when -2 + 520/12 - s/k is divided by 16?
10
Calculate the remainder when (-25)/(-3) - 136/102 - (-1744 - -4) is divided by 104.
83
Suppose 0 = 115*p - 101 - 934. Calculate the remainder when 252 is divided by p.
0
Suppose -213*h = -217*h + 76. Calculate the remainder when 83 is divided by h.
7
Suppose 0 = -138*v + 146*v - 936. What is the remainder when 701 is divided by v?
116
Suppose -3*m - 12 = 0, -3*x - 3 + 4 = 2*m. Suppose -449 = 2*z - d, 446 = -x*z + z + 2*d. Let g = -114 - z. Calculate the remainder when g is divided by 23.
20
Let m = 11 - 7. Let g(z) be the first derivative of 19*z**2/2 - 19*z - 62. What is the remainder when g(m) is divided by 12?
9
Calculate the remainder when 712 is divided by 256/4 + 59 + -47.
28
Let d = 35 - 32. Let r(h) = 25*h**2 - 3*h + 5. Calculate the remainder when r(d) is divided by 56.
53
Suppose 6*k = k - 2*i + 3675, 0 = 3*k + 3*i - 2196. Suppose k*c = 739*c - 16. Calculate the remainder when 33 is divided by c.
1
Let i(q) = q**3 - 3*q**2 - 7*q - 2. Let u be i(4). What is the remainder when 166 is divided by -16*(12/48 - u/(-8))?
22
Calculate the remainder when 2279 is divided by 60*(-13 - 3 - -8)/(-4).
119
Suppose 0 = -5*m + 13 - 3. Let r(u) = m*u**2 + 103*u - 6 + 0 - 105*u. Calculate the remainder when r(5) is divided by 6.
4
Let n = -180 - -254. Calculate the remainder when n is divided by 1897/49 + (-4)/(-14).
35
Let b be ((-2)/10)/((4 - 9)/25). What is the remainder when (1 + -2 - b)/((-168)/3528) is divided by 2?
0
Let w = -645 - -684. Let a = w + 95. Calculate the remainder when a is divided by 72.
62
Let u = -7 - -63. Calculate the remainder when u is divided by 627/(-9)*(-33)/121.
18
Suppose -3*s - 159 = -2*s - 250. Calculate the remainder when 246 is divided by s.
64
Suppose 2*i = -5*j + i + 476, -2*j - 5*i + 195 = 0. Suppose 336 = -8*x - 4*x. Let w = x + 52